5
Suppose 35 = 31*z - 26*z. What is the highest common divisor of 7 and z?
7
Let w be (7/2)/((-3)/(-36)). Let u be (-1)/1 + -1 - -30. What is the highest common divisor of w and u?
14
Let h = -5 - -9. Suppose 0 = v - h*v - 3*x + 102, -2*x = -5*v + 177. Calculate the greatest common divisor of v and 14.
7
Suppose -3*i + 25 = -11. What is the highest common factor of 8 and i?
4
Suppose 39 = h - 42. What is the greatest common factor of h and 27?
27
Let q = 5 - 3. Suppose -q*g - 23 = -0*g + 3*w, 15 = 5*w. Let c be g/40 - (-42)/5. What is the highest common divisor of c and 40?
8
Suppose 2*f + 3 = 1. Let m be 1/(f*(-1)/8). Calculate the highest common factor of m and 32.
8
Suppose -3*z + 5*g + 0*g = -73, -4*g = 8. What is the highest common divisor of z and 21?
21
Suppose -2*n + 3*n = -u + 52, -184 = -4*u + 2*n. Let a(d) = d**2 + 2*d - 3. Let o be a(3). What is the highest common factor of o and u?
12
Let n be (69/6)/((-2)/(-44)). Calculate the highest common factor of n and 23.
23
Let g be ((-400)/24)/(((-2)/(-3))/(-2)). What is the highest common factor of g and 20?
10
Suppose -23*a = -24*a + 30. Calculate the greatest common divisor of 5 and a.
5
Suppose -5*u = -u - 160. What is the highest common divisor of 30 and u?
10
Let q(v) = 7*v**2 + 5*v**2 + 2*v - 3*v**2 - v**2 + 1. Let m be q(-1). Calculate the greatest common divisor of 35 and m.
7
Let z(i) = -6*i - 3. Let k be z(-2). Suppose 0 = -5*o + h - 5*h + 348, -h + 285 = 4*o. What is the highest common factor of o and k?
9
Suppose -3*t + 55 = 8*t. Calculate the greatest common factor of t and 5.
5
Let u = -40 + 76. Suppose 3*k - u = k. Calculate the highest common divisor of k and 72.
18
Suppose -5*n + 3 = -2*n. Let g be (6/(-4))/((-1)/6). Calculate the greatest common divisor of n and g.
1
Let m = 36 - 19. Calculate the highest common divisor of m and 85.
17
Suppose -2*w + 152 = 4*c, -220 = -c - 4*c + 5*w. Calculate the highest common divisor of 8 and c.
8
Let o = -83 - -141. What is the highest common factor of o and 29?
29
Let s(o) = -o**2 - 2*o + 18. Let u be s(-14). Let g(h) = 28*h**2 - 4*h. Let d be g(3). Let a = d + u. What is the greatest common factor of 36 and a?
18
Let t = 2 - -13. Let r be 3/t + (-14)/(-5). Suppose 4*v = 3*v + 21. Calculate the highest common divisor of r and v.
3
Let o = 5 + -15. Let w be o/(-4)*(3 - 1). Calculate the highest common divisor of w and 40.
5
Let h(t) = 9*t**3 + 5*t**2 - 2. Let u be h(1). Suppose -4 = x - 7. Let i be -5 + x - -8*4. Calculate the highest common divisor of u and i.
6
Let g(r) = r**3 + 2*r**2 - 5*r + 4. Let a be g(4). Calculate the highest common factor of a and 16.
16
Suppose -8*p = -3*p - 480. Suppose g - p = -3*g. What is the greatest common factor of 6 and g?
6
Let i(v) = -10*v - 6. Let h be (-66)/14 + (-2)/7. Let a be i(h). Let y be 44/(-6)*(-3)/2. What is the highest common divisor of y and a?
11
Let s be 8/3*(-12)/(-8). What is the greatest common divisor of s and 2?
2
Suppose -3*o - 125 = 2*o. Let h = o + 39. Calculate the greatest common factor of h and 14.
14
Suppose 0 = 4*m - 3*z - 34, 0 = -4*m - 7*z + 2*z + 50. Let a = -151 - -217. Let j = a + -46. Calculate the greatest common factor of j and m.
10
Let v(j) = -2*j + 8. Suppose -3*a = a. Let q be v(a). Calculate the greatest common factor of 20 and q.
4
Suppose -4*h - 28 = -0*h. Let i = h + 10. What is the greatest common divisor of i and 24?
3
Let o(z) = -z**3 - 2*z**2 + 3*z + 1. Let j be o(-3). Suppose 3*r + j = -x + 76, -r = 1. What is the greatest common factor of 13 and x?
13
Suppose 3*k + 4 = 4*k, k - 20 = -2*a. What is the highest common divisor of a and 40?
8
Let t(s) = -s**3 - 6*s**2 - 4*s + 6. Let u be t(-5). Let o = 13 - 10. What is the highest common divisor of u and o?
1
Let l = 40 - 20. What is the greatest common factor of 220 and l?
20
Let n be ((-18)/3)/(1/(-4)). Let y be n - (0 - 2 - -4). What is the greatest common divisor of 11 and y?
11
Let p(x) = x**3 + 4*x**2 + 2*x - 3. Let a = 8 + -11. Let q be p(a). Suppose b - 8 = -q*b. Calculate the greatest common factor of 12 and b.
4
Let a = 425 + -155. What is the highest common divisor of a and 30?
30
Suppose 0*m = -3*m. Suppose -3*i + 8*i - 50 = m. Calculate the highest common factor of 10 and i.
10
Let p be (-6)/(2 + 1 + -2). Let m be 6/2*p/9. Let a be m/(-1) + 32 - 2. What is the highest common factor of 16 and a?
16
Let z(x) = -3*x**2 + 3*x - 6. Let j(m) = 6*m**2 - 7*m + 12. Let o(q) = 3*j(q) + 5*z(q). Let i be o(4). What is the highest common divisor of 6 and i?
6
Suppose 2*d - 8 = -0*d. Let k(u) = -2*u - 1 + u + 3 + 10*u**2. Let j be k(-2). Calculate the highest common divisor of d and j.
4
Suppose 5*i - 55 = 35. Calculate the highest common factor of 198 and i.
18
Let z be 3 - -2*47/2. Calculate the greatest common divisor of z and 10.
10
Let f = 87 + -80. Calculate the highest common factor of 56 and f.
7
Suppose -400 = -4*r - 4*d, 2*r + d - 218 + 22 = 0. What is the highest common factor of r and 32?
32
Let d be (30 - (-3)/(-3)) + -2. Let x = 15 + d. Calculate the highest common divisor of x and 6.
6
Let m(v) = v**3 - 8*v**2 - 7*v - 4. Let l(b) = b**3 - 2*b**2 - 6*b + 1. Let f be l(4). Let q be m(f). What is the greatest common factor of q and 14?
14
Let v be 0 - (0 + -15 + 3). Let r be v/4 + 6 - -3. What is the highest common divisor of 108 and r?
12
Let u(a) = 25*a - 186. Let o be u(8). Let d(x) = 3*x**2 + x. Let y be d(2). Calculate the greatest common factor of y and o.
14
Suppose 20 = 5*d, -a = a + 5*d - 56. What is the greatest common divisor of 180 and a?
18
Suppose -p + 7 = 3*a, -27 - 19 = -4*p - 3*a. What is the highest common factor of 104 and p?
13
Suppose 5*b - 4*t = 39, 2*b + 5*t - 4 - 5 = 0. What is the highest common factor of b and 49?
7
Let s be (1 - 46)*12/(-36). Let p(i) = i**3 - 7*i**2 - 7*i + 9. Let g be p(6). Let r be g/(-21) + (-4)/14. Calculate the greatest common factor of s and r.
3
Let r(h) = h**2 + 8*h + 13. Suppose 0*u + u = 3. Let t be -3*(27/u)/3. Let o be r(t). Calculate the highest common divisor of 11 and o.
11
Suppose 22 = i - 2. Calculate the greatest common factor of i and 72.
24
Let x = 54 + -30. What is the greatest common divisor of x and 6?
6
Let n be (-43)/(-5) - (-4)/10. Let m be (-12)/((n/2)/(-3)). Let q(b) = -5*b**3 - 5*b**2 - b - 2. Let t be q(-2). What is the highest common factor of m and t?
4
Let p(r) = r**3 + 2*r**2 - r - 2. Let t be p(-2). Suppose -3*l = 0, t = 3*j - 0*j + 5*l - 132. What is the highest common divisor of 110 and j?
22
Let r be (14/5)/(2/10). Let w = -3 + r. Suppose 2*o = 59 + 117. Calculate the greatest common factor of o and w.
11
Suppose 4*i + 24 = 2*p, -16 = -3*p - 4*i - 0*i. What is the highest common divisor of p and 88?
8
Let z(u) = u. Let h be z(2). Suppose -h*p + p = -6. Suppose 0 = -a - 4*a + 210. What is the greatest common factor of a and p?
6
Let n = 3 + 17. Suppose 3 + 1 = c. Calculate the greatest common divisor of c and n.
4
Suppose 0 = -s - 3*s + 72. What is the highest common factor of 9 and s?
9
Let o = -23 + 38. Let n(b) = 16*b - 17. Let u be n(2). What is the highest common factor of o and u?
15
Let d be (32/(-10))/(7/(-105)). Suppose -2*w + o = -240, 4*o + 52 = 3*w - 308. What is the highest common divisor of d and w?
24
Suppose 4*w = w - 12. Let v = -3 - w. Let y = 19 - 10. What is the greatest common factor of y and v?
1
Let p = 8750 + -4144. Let n be p/70 - (-1)/5. What is the greatest common divisor of 165 and n?
33
Let d be (-6)/4*4/(-3). Suppose 0*g - d*g + 10 = 0. Let p(u) = 2*u. Let v be p(g). What is the highest common factor of 90 and v?
10
Suppose 2*i = t + 45, 4*t + 25 = i + t. What is the highest common divisor of i and 2?
2
Let t(l) = l**3 + 3*l**2 - 2*l - 6. Let r be t(-4). Let p = r - -43. Calculate the highest common divisor of 58 and p.
29
Let v(o) = 4*o - 4. Let r be v(4). Suppose 4*n = 157 + 83. What is the greatest common divisor of r and n?
12
Suppose -81 = -5*a - 11. What is the highest common factor of a and 2?
2
Let o(b) = -2*b + 1. Let c be o(-5). Calculate the greatest common divisor of c and 22.
11
Let o(g) = g**3 - 2*g**2 - 3*g - 5. Let k be o(4). Calculate the greatest common factor of 15 and k.
15
Suppose -5*m = -a - 154 + 51, -3*a = m - 27. Suppose -3 = q - 2*k, 4*k = -3*q + k +